 (base 13) to base 15.
d7b
19e (base 15) to base 3
111212
Convert -18503 (base 9) to base 13.
-5a99
Convert 8743 (base 10) to base 16.
2227
1382a (base 12) to base 6
325254
What is c36 (base 15) in base 6?
20423
What is -5b52 (base 12) in base 9?
-15088
467 (base 9) to base 10
385
1167 (base 9) to base 6
4011
b1 (base 16) to base 15
bc
32120 (base 6) to base 15
1463
Convert -14054 (base 7) to base 15.
-11e2
Convert -13435 (base 6) to base 8.
-4077
Convert 352 (base 12) to base 7.
1304
Convert -28e (base 16) to base 13.
-3b4
1000110011101 (base 2) to base 7
16101
-4330 (base 6) to base 5
-12430
What is 122464 (base 7) in base 8?
54011
Convert 2150 (base 6) to base 8.
762
Convert 1401 (base 7) to base 12.
390
What is -195 (base 15) in base 16?
-16d
What is -4323 (base 7) in base 13?
-912
Convert 5098 (base 12) to base 8.
21064
What is 952 (base 11) in base 16?
47a
Convert 4521 (base 6) to base 13.
634
What is 111000110000 (base 2) in base 15?
1122
Convert 373 (base 10) to base 16.
175
Convert 291 (base 10) to base 16.
123
What is -3540 (base 13) in base 16?
-1d40
Convert 212020 (base 3) to base 2.
1001110011
What is 4225 (base 6) in base 9?
1268
What is -5506 (base 12) in base 9?
-13756
Convert -3301 (base 5) to base 6.
-2031
Convert 36350 (base 7) to base 14.
3627
What is -103 (base 14) in base 11?
-171
What is 33123 (base 9) in base 4?
11113110
Convert 1688 (base 12) to base 5.
41241
What is -6c8 (base 15) in base 3?
-2002222
Convert -531 (base 6) to base 7.
-403
2113 (base 5) to base 12
1b7
Convert 1289 (base 12) to base 16.
849
What is -16107 (base 10) in base 7?
-64650
27a (base 16) to base 13
39a
-11050 (base 7) to base 5
-42104
What is -8a1 (base 15) in base 3?
-2200021
What is -1031310 (base 4) in base 8?
-11564
Convert -244 (base 5) to base 9.
-82
Convert -188 (base 10) to base 5.
-1223
Convert 10011100101011 (base 2) to base 11.
7596
What is -21223220 (base 4) in base 14?
-10648
Convert 560 (base 10) to base 12.
3a8
2231444 (base 5) to base 14
10624
What is 199 (base 16) in base 6?
1521
-1128 (base 11) to base 14
-77c
Convert -211114 (base 5) to base 7.
-26336
What is 155 (base 8) in base 4?
1231
Convert -81 (base 13) to base 8.
-151
Convert -21455 (base 6) to base 12.
-188b
Convert 13041 (base 8) to base 3.
21202211
-325 (base 11) to base 9
-473
Convert -10111100110 (base 2) to base 10.
-1510
225 (base 12) to base 13
1b5
-114626 (base 8) to base 16
-9996
Convert 1001101111000 (base 2) to base 15.
1724
40b6 (base 16) to base 3
211201120
Convert 252040 (base 6) to base 5.
1204423
393 (base 10) to base 14
201
-4562 (base 12) to base 10
-7706
What is -4a7 (base 13) in base 10?
-813
Convert 10100111 (base 2) to base 3.
20012
What is 112022 (base 3) in base 6?
1442
What is -122625 (base 8) in base 6?
-524125
Convert 395 (base 13) to base 2.
1001110101
What is -7d9 (base 15) in base 10?
-1779
-220211 (base 3) to base 6
-3034
Convert -10111001001 (base 2) to base 12.
-a35
What is 148 (base 10) in base 4?
2110
Convert -c49 (base 13) to base 3.
-2212101
111010111000 (base 2) to base 13
193b
-50981 (base 10) to base 15
-1018b
What is -1db (base 16) in base 7?
-1246
Convert 1f07 (base 16) to base 8.
17407
-8255 (base 9) to base 15
-1bce
What is -101111 (base 2) in base 16?
-2f
What is -144 (base 7) in base 14?
-5b
Convert 3122001 (base 4) to base 10.
13953
What is 51362 (base 7) in base 8?
30373
Convert -2b3 (base 16) to base 11.
-579
Convert 51454 (base 9) to base 4.
20101303
What is 4447 (base 8) in base 2?
100100100111
Convert -538 (base 12) to base 5.
-11024
What is -1603 (base 9) in base 4?
-103002
What is -13555 (base 7) in base 10?
-3715
2c09 (base 15) to base 4
2103303
What is -1110011 (base 3) in base 13?
-634
What is 1244433 (base 5) in base 2?
110000110100001
Convert 1001100111001000 (base 2) to base 8.
114710
Convert -553 (base 6) to base 15.
-e3
What is -10441 (base 5) in base 10?
-746
22f (base 16) to base 13
340
1040 (base 8) to base 12
394
8603 (base 9) to base 7
24300
What is -91 (base 15) in base 11?
-114
What is 133210 (base 4) in base 11?
1577
-140322 (base 5) to base 4
-1121100
What is -22774 (base 9) in base 5?
-441324
What is 11f1 (base 16) in base 12?
27a9
-977 (base 16) to base 12
-149b
Convert 955 (base 11) to base 2.
10001111101
1589 (base 13) to base 16
c53
52789 (base 10) to base 16
ce35
What is a1 (base 15) in base 8?
227
a (base 15) to base 12
a
Convert 60373 (base 8) to base 14.
9095
202111221 (base 3) to base 7
61414
-101111110010 (base 2) to base 14
-1186
What is 1375 (base 13) in base 8?
5360
What is 19a (base 14) in base 6?
1312
1563 (base 8) to base 2
1101110011
-1374 (base 8) to base 2
-1011111100
Convert 11ca (base 16) to base 15.
1539
What is 1668 (base 11) in base 3?
2220221
What is 871 (base 12) in base 7?
3415
13132 (base 7) to base 11
26a4
Convert 586 (base 9) to base 8.
743
2102020111 (base 3) to base 11
32807
What is -1330 (base 5) in base 11?
-186
What is 2220201 (base 3) in base 2?
100001001101
What is 110010 (base 6) in base 4?
2031312
What is -68a1 (base 11) in base 10?
-9065
1324 (base 6) to base 13
202
What is 20101021 (base 3) in base 2?
1001000101011
-518 (base 15) to base 2
-10001111100
a319 (base 15) to base 3
1202020220
What is -24330 (base 5) in base 6?
-12304
What is -433b (base 14) in base 5?
-332432
-101311 (base 4) to base 7
-3220
Convert -125 (base 8) to base 4.
-1111
What is -3c4 (base 14) in base 5?
-11020
What is -1100021 (base 5) in base 9?
-27655
Convert -201122211 (base 3) to base 7.
-56533
What is 9d4 (base 15) in base 5?
32344
Convert -1fc (base 16) to base 8.
-774
What is -222122 (base 3) in base 12?
-4bb
What is -95 (base 10) in base 3?
-10112
What is 3203 (base 6) in base 3?
222210
971 (base 11) to base 8
2217
-1107 (base 9) to base 5
-11232
10001101010110 (base 2) to base 13
416b
What is -31721 (base 10) in base 4?
-13233221
Convert -112010 (base 5) to base 8.
-7645
What is -314 (base 6) in base 8?
-166
-2042 (base 13) to base 9
-6082
Convert 2210100 (base 3) to base 8.
3762
Convert -200a3 (base 11) to base 6.
-344031
What is 1765 (base 12) in base 9?
3765
-491b (base 15) to base 11
-10758
What is -2011 (base 14) in base 7?
-22021
What is -139 (base 13) in base 14?
-117
What is 1f9c (base 16) in base 6?
101244
Convert 3342 (base 6) to base 12.
552
-5511 (base 6) to base 15
-597
1011021 (base 3) to base 12
5a4
802 (base 13) to base 9
1764
110000101010 (base 2) to base 4
300222
Convert 9696 (base 10) to base 4.
2113200
What is 17554 (base 9) in base 2?
10111101010110
What is -231 (base 6) in base 10?
-91
Convert -101101001101 (base 2) to base 12.
-1811
What is 11452 (base 6) in base 8?
3230
1935b (base 12) to base 3
1212110122
20112301 (base 4) to base 13
12769
What is 5717 (base 10) in base 12?
3385
14314 (base 6) to base 7
6433
2057 (base 8) to base 4
100233
-1dd (base 16) to base 7
-1251
2025 (base 7) to base 5
10310
What is -241223 (base 7) in base 13?
-16b59
110110110 (base 2) to base 3
121020
What is -a09e (base 15) in base 9?
-51445
Convert d4d (base 14) to base 5.
40432
Convert 1625 (base 13) to base 4.
302222
Convert -11b30 (base 13) to base 3.
-1122210111
13642 (base 7) to base 14
1522
What is 9906 (base 13) in base 4?
11030310
What is 45 (base 7) in base 3?
1020
5b9e (base 15) to base 4
10300223
-1011010010110 (base 2) to base 9
-7834
Convert 3709 (base 10) to base 16.
e7d
Convert -45455 (base 6) to base 15.
-1d98
Convert 1011101001110110 (base 2) to base 7.
256111
Convert -b5d (base 16) to base 11.
-2205
Convert -32643 (base 8) to base 3.
-200211120
Convert -1652 (base 7) to base 12.
-482
Convert 9a5 (base 16) to base 15.
ae9
-116 (base 8) to base 7
-141
What is -12100 (base 9) in base 12?
-4830
What is -35916 (base 11) in base 9?
-77806
What is 2c06 (base 15) in base 11?
7117
Convert -5725 (base 9) to base 12.
-254b
Convert -4301 (base 6) to base 9.
-1301
-11843 (base 11) to base 16
-425b
Convert 3105 (base 6) to base 10.
689
-1001101110 (base 2) to base 7
-1546
Convert -3b1 (base 15) to base 5.
-11331
-4dc (base 14) to base 8
-1722
-be5 (base 16) to base 13
-1503
What is 1509 (base 10) in base 3?
2001220
What is 1450 (base 7) in base 3?
210021
What is 122222102 (base 3) in base 5?
404411
-5297 (base 11) to base 3
-100121101
What is 1225 (base 14) in base 1